/(-30) - (-910169)/2. What is the units digit of (-1)/(-4) + m/332?
1
Suppose -5*b + 299 = 2*f, 0 = 5*f + b - 6*b - 835. Let p(s) = -38*s + 8. Let d be p(-1). Let j = f - d. What is the units digit of j?
6
Suppose -5*l = 4*t - 9006, -4*t - 1778 = -l + t. Suppose l - 338 = -5*k. Let a = -104 - k. What is the hundreds digit of a?
1
Suppose -2*v - b = -8 + 3, 0 = v + 3*b - 15. Suppose v*p + 4*d - 1286 = -p, 4*d = -3*p + 3818. What is the units digit of p?
6
Suppose 9*l = 65*l - 1304240. What is the ten thousands digit of l?
2
Suppose 0 = -3*m - 9, 1 + 2 = 3*g - 4*m. Let v(t) = -4*t + 7. What is the units digit of v(g)?
9
Let d(m) = -64*m + 37. Let v be d(4). What is the units digit of (v/(-9) - -3)*(2 - -10)?
8
Let b(h) = 178*h**2 + 79*h + 313. What is the hundreds digit of b(-17)?
4
Suppose 26*s + 433057 = -11*s + 66*s. What is the ten thousands digit of s?
1
Suppose 32*o = 3*o + 174. Suppose 2752 + 764 = o*s. What is the hundreds digit of s?
5
Let b(x) = -406*x - 3454. What is the units digit of b(-20)?
6
Suppose -3*h + 15 = -0. Suppose 4*i = -4*d, -4*i - 3*d = -h*d + 6. Let n(c) = -189*c + 4. What is the hundreds digit of n(i)?
1
Let n(w) = 5*w + 57*w**2 + 62 - 43*w**2 - 15*w. What is the units digit of n(4)?
6
Let t(b) = -34*b + 99. What is the hundreds digit of t(-3)?
2
Let t be -1 - -1 - 5 - (-4 + 4). What is the units digit of t - 1/(-1)*75?
0
Let u = 1114 + -73. Let p = u - 756. What is the tens digit of p?
8
Let u(r) be the third derivative of -389*r**4/8 + 23*r**3/6 - 87*r**2 - 2. What is the units digit of u(-1)?
0
Let t = -827 + 829. What is the units digit of ((-1)/t)/((-26)/(-52))*-213?
3
Let r be (0 - -2)/((-14)/(-42)). Suppose n = -r + 2, -5*i = 2*n - 3082. What is the tens digit of i?
1
What is the units digit of (-54)/10*(-6992 + (-18 - -5))?
7
Suppose 3*p + 2*q - 351 = q, 3*q = 3*p - 363. Let v be (-15 - 10/(-5)) + -31. Let g = v + p. What is the units digit of g?
4
Let f be (1/(1/(-4)) - -19) + -3. Let o(j) be the first derivative of -j**4/4 + 13*j**3/3 + 2*j**2 + 27*j - 17. What is the hundreds digit of o(f)?
2
Suppose -2*n - 3*m = -1870, -4*m + 153 - 2992 = -3*n. What is the tens digit of n?
4
Suppose -k + 2*k = -2*k. Suppose r + 4*z + 4 = -3*r, 5*r + 3*z - 5 = k. Suppose -r*m = -0*m - 32. What is the units digit of m?
8
Suppose -3*a + 2060 = 2*j, -a - 5*j + 4*j + 685 = 0. Let d = a + -433. What is the hundreds digit of d?
2
Let r(k) = -4*k**2 - 4*k - 45. Let i be r(15). Let s = 1441 + i. What is the units digit of s?
6
Let w = -907 + 6863. What is the hundreds digit of w?
9
Suppose g = -2*p + 7753 + 61142, 0 = -4*g - 12. What is the ten thousands digit of p?
3
Let p be 9/(-3)*(-2)/2. Suppose 2 + 2 = 2*w + 3*d, 3*w - p*d - 36 = 0. Let n(a) = -a**2 + 8*a + 1. What is the units digit of n(w)?
1
Let n be (-2 - -219) + (1 - 5). Let a = -16 + n. Suppose -3*c + a + 55 = 0. What is the tens digit of c?
8
Let u(i) = 0*i**2 - 8*i**2 - 60 + 137 - i**3 - 66. Let t be u(-9). Suppose -2*z + 20 = 3*z, f + 5*z = t. What is the units digit of f?
2
Suppose -3*i + 0*i = 0, 2*y - 8 = -i. Suppose 0 = y*j + 548 + 48. Let g = -99 - j. What is the units digit of g?
0
Suppose 9 = 5*a - 6, 3*r + 4*a = 750. Let k be -4*-1*(-2)/(-4). Suppose 34 - r = -k*s. What is the tens digit of s?
0
Let h be -8 + ((-26226)/(-6))/3. Suppose 0 = 4*f - h - 1539. What is the units digit of f?
7
Suppose -14*c = -988 - 2288. Suppose 4*l - c - 438 = 0. Suppose p = 5*s - l, -2*s + 69 = -7*p + 6*p. What is the units digit of s?
3
Suppose 3*o + j + 121 = -298, -670 = 5*o - 4*j. Let q = 344 + o. What is the units digit of q?
6
Let v(d) = 185*d**2 - 4*d + 13. Let u be v(2). Let y = u - 523. What is the tens digit of y?
2
Suppose q - 4*p + 183 = 0, q - 2*p + 177 = -0*p. Let l = q + 295. Suppose -l = -3*o + o - 4*t, 0 = o + t - 58. What is the tens digit of o?
5
Let r(c) = -402*c + 110. What is the hundreds digit of r(-42)?
9
Suppose 155*j = 194*j - 1608828. What is the units digit of j?
2
What is the thousands digit of (-486)/135*(-11374 + 9)?
0
Suppose 0 = -10*n + 928 + 552. Let s = 5 - 5. Suppose 4*m + s*m = n. What is the tens digit of m?
3
Let s(g) = 7*g - 11 + 2*g + 0*g + 9. Let l be s(2). Suppose 3*p - 145 = -l. What is the tens digit of p?
4
Let k = -992 - -1005. What is the units digit of k?
3
Let b = 2083 - 1818. What is the units digit of b?
5
Suppose 19337 = 5*s - 4*p - 647, 2*s + 3*p - 7989 = 0. What is the units digit of s?
6
Let k(u) = -187*u - 171. Let j(a) = 125*a + 114. Let s(n) = -7*j(n) - 5*k(n). What is the hundreds digit of s(13)?
8
What is the thousands digit of (-104 + 3)*(0 + 78)/(-5 - -3)?
3
Suppose -4615 = -6*v - 859. Suppose 0 = -6*b + 910 + v. What is the tens digit of b?
5
Let r(f) = 13*f**2 - 13*f - 35. Let g(k) = 6*k**2 - 6*k - 17. Let l(o) = 9*g(o) - 4*r(o). What is the units digit of l(-7)?
9
Let r(a) = 115*a - 79. Let v(x) = 2*x**2 - 45*x + 70. Let h be v(21). What is the units digit of r(h)?
6
Suppose 418326 - 144759 = 64*k + 83*k. What is the tens digit of k?
6
Let p(h) = 5*h - 30. Let x be p(7). Suppose -3377 = -x*m - 6*m. Suppose c + 81 + m = 3*l, -c = 4*l - 522. What is the tens digit of l?
3
Suppose 44468 = 38*g - 117944. What is the thousands digit of g?
4
Let d(k) = 20*k**2 - 6*k + 55. Let a be d(6). Suppose -a - 1302 = -2*z + 5*l, 2*l + 4106 = 4*z. What is the hundreds digit of z?
0
Suppose 3*p + 6*h = 7*h + 8778, -h = p - 2926. Suppose -3*r - 4*r = -p. What is the hundreds digit of r?
4
Suppose -4*t + 4*v = -13485 + 1053, -2*t - 2*v + 6200 = 0. Suppose -7*m + 3*m - t = 0. Let y = -540 - m. What is the hundreds digit of y?
2
Let h be -3*2/(-3) + (-846)/2. Let c = 892 + h. What is the units digit of c?
1
Let p be (-1 - (-2)/(-8)*-6)*6. Suppose 2*g - r = p*g - 18, -3*r = -2*g + 46. What is the hundreds digit of (10/g)/(2/456)?
1
Let x = -88 + 92. Suppose -4*h = -2*l + 1076, 2*l - 1325 + 241 = -x*h. What is the hundreds digit of l?
5
Let b(p) = p**3 + 17*p**2 - 2*p + 99. What is the thousands digit of b(12)?
4
What is the tens digit of 4/10*(-64685)/(-8) + 9/12?
3
Suppose f = m - 2*f + 20, 3*m = 4*f - 35. Let v(w) = -6*w + 29. Let a be v(m). Suppose 0 = 5*y + a - 549. What is the units digit of y?
8
Suppose -4*o = 3*l - 1474, -7*l = -4*o - 12*l + 1478. Suppose 354*c = o*c - 6929. What is the tens digit of c?
3
Suppose -116*w + 5588258 = -11*w + 52*w. What is the ten thousands digit of w?
3
Let b be (2 + -1)/(-3) + (-3)/(-9). Suppose -3*v = 5*o - 963, b = -2*o - 3*v + 530 - 143. Let h = 322 - o. What is the tens digit of h?
3
Suppose 486*z + x - 289123 = 481*z, 57847 = z - 3*x. What is the thousands digit of z?
7
Let j(l) = 732*l**2 - 944*l + 6567. What is the thousands digit of j(7)?
5
Let i = -12300 - -21603. What is the tens digit of i?
0
Suppose -4*n - f + 105084 = -0*f, 4*n - 4*f = 105044. What is the tens digit of n?
6
Suppose 0 = -19*l + 5793 + 10813. What is the hundreds digit of l?
8
Let n(k) = -32*k + 4005. What is the hundreds digit of n(0)?
0
Let l(b) = b**3 + b**2 - b + 66. Let k be l(0). Suppose -2*p + 5*p - 15 = 0, -d + k = -p. Let f = d - -82. What is the units digit of f?
3
Suppose f - 22 = -5*o, o - 4*f = -0*f + 17. Suppose 0 = 2*j - j - 1. Suppose -2*u - 267 = -5*z, -4 - j = o*u. What is the tens digit of z?
5
Suppose 13662 = 22*y - 4*y. Let s = y + -222. What is the hundreds digit of s?
5
Suppose -4 + 4 = 2*d. Suppose 0 = -d*s + 4*s - 3*m + 22, 4*s + 10 = -3*m. What is the tens digit of 102 - 2/(s/3)*-2?
9
Suppose z - 8610 = -a + 2*z, a - 2*z - 8605 = 0. What is the tens digit of a?
1
Let f(h) = -h**3 + 26*h + 6. Let r be f(-5). What is the units digit of 3 - (1 + r) - (-6528)/12?
5
Suppose -221*t + 15096 = -217*t. Suppose -4381 - t = -7*n. What is the units digit of n?
5
Suppose -2*t + 15989 = s, t + 5*s = 2*t - 7978. What is the hundreds digit of t?
9
Let q(r) = r**2 - 1529. What is the thousands digit of q(-115)?
1
Suppose 0 = 5*h + 2*y - 175, h + 4*y = 6*y + 23. Suppose r + 5*a = 678, -3*a + 3412 = -h*r + 38*r. What is the units digit of r?
3
Suppose -17*i = 5*h - 18*i - 17623, 0 = -4*h + i + 14098. What is the tens digit of h?
2
Suppose -4*v - 3*s = -3*v - 267, 0 = 4*v - 2*s - 1082. Let m = v + -192. Suppose w - 2*z - m = -0*z, z = -3*w + 269. What is the units digit of w?
8
What is the hundreds digit of (10/